. Let q be h(-5). Let s = q + -789. What is the units digit of s?
4
Let x(o) = -3*o**2 - 6*o + 52. Let t be x(6). Let d = t - -172. What is the units digit of d?
0
What is the tens digit of 38/703 + 405512/148?
4
Let h be ((-6)/(-10))/(39/1625*5). What is the units digit of (8 - 11 - -1718) + h?
0
Let j = 44 - 27. Let y = j + -13. Suppose -y*f + 31 = -77. What is the units digit of f?
7
Let z = 3 + 9. Let h = z - 8. Suppose -2*o + 28 = h*y - o, y = 5*o + 28. What is the units digit of y?
8
What is the tens digit of 27*491*212/159?
7
Let b(a) = 7*a**2 + 3*a + 7. Let r be b(6). Let s = r - 161. What is the tens digit of 1*(-1)/(-1)*2 + s?
1
Suppose -s + 14 = 2*z - 1, 2*z + 4*s = 24. Suppose 64 = -2*d + z*d. What is the tens digit of ((-246)/(-4))/(12/d)?
8
What is the units digit of (-92)/207 - 4256812/(-63)?
8
Suppose 98*w = 97*w + 6. Suppose z = -5*g + 4, -3*z - 2*g + 12 = -w*g. Suppose z*x = -8*x + 1416. What is the hundreds digit of x?
1
Let r be (0/3 - -17) + -42 + 42. Suppose 2099 + 128 = r*o. What is the hundreds digit of o?
1
Let c = 398 + 125. Let b = 884 - c. What is the hundreds digit of b?
3
Let z(a) = -163*a + 81. Let w be z(-6). Let v = w - 611. What is the tens digit of v?
4
Let b = 276 - 1206. Let w = b - -1775. What is the units digit of w?
5
What is the thousands digit of 12/18 - ((-3)/7 + (-1246025)/105)?
1
Suppose 4*b - 505 = -z, 5*z + 11*b - 1230 = 1277. What is the units digit of z?
7
Suppose 4*j - i + 24 = -0*j, j = -2*i - 6. Let p be (4 - 46/10)/(4/(-20)). What is the tens digit of (j + 4)*p/(-2) - -66?
6
What is the tens digit of (729/135)/((-3)/(-11870))?
6
Let y(j) = -4*j**2 - j + 35. Let g be y(5). Let s = g - -59. Let m(p) = -9*p - 51. What is the tens digit of m(s)?
4
Let i(m) = 198*m - 27. Let s be i(3). Let f = s - 369. What is the hundreds digit of f?
1
Let g = -42983 - -79621. What is the thousands digit of g?
6
Suppose 5*o + 5*f = 3*o + 39842, -59758 = -3*o - 5*f. What is the hundreds digit of o?
9
Suppose 3337 = 3*p - 24*y + 25*y, 4446 = 4*p - 2*y. What is the thousands digit of p?
1
Suppose -2*z - 8*v + 4*v - 498 = 0, 5*v - 703 = 3*z. Let l = z + 611. What is the hundreds digit of l?
3
Let t be (-30)/(-35) + 8/56. Suppose t = -9*x + 10. What is the units digit of x?
1
Let t be 1*(-5 + -1 + 6). Suppose -5*f + 65 - 40 = t. What is the units digit of 55 - (5 - (f + -2))?
3
Let i(q) = -642*q**3 - 9*q. What is the hundreds digit of i(-3)?
3
Suppose -22*d + 253312 + 12734 = 0. What is the hundreds digit of d?
0
Let v(p) = 27099*p + 829. What is the tens digit of v(1)?
2
Suppose -5*r + 16428 = -2*v, -30*r + 5*v = -27*r - 9834. What is the tens digit of r?
8
Let n(y) = 119*y - 1137. What is the ten thousands digit of n(165)?
1
Suppose -3 - 5 = 2*x, -m - 4*x - 12 = 0. Suppose -4 = -l - m*v + 37, -3*v + 123 = 3*l. Let p = l - 12. What is the tens digit of p?
2
What is the hundreds digit of 3 + -14 - (-22894 + -27)?
9
Let z(k) = 53936*k**2 - 75*k + 79. What is the tens digit of z(1)?
4
Suppose -133*q - 184392 = -185*q. What is the thousands digit of q?
3
Let b be ((-208)/24 - -8)*4083. Let c = b + 3963. What is the thousands digit of c?
1
What is the hundreds digit of 63 - -30797 - ((7 - 1) + (-2)/(-2))?
8
Suppose -4*n + 2*n = -18. Suppose n*x - 2935 = -712. What is the hundreds digit of x?
2
What is the hundreds digit of (0 - -8929) + (0 - -25) + -19?
9
Let k(t) = t**3 - 135*t**2 + 2142*t + 187. What is the hundreds digit of k(117)?
3
Suppose -v - 48 = -3*v. What is the tens digit of (-8)/(v/(-15)) + 229?
3
What is the hundreds digit of 17/(-4) + (-40)/(-32) - 1779*-5?
8
What is the thousands digit of ((-22)/(-16))/((-54)/(-2272752))?
7
Let r = 268 - 127. What is the units digit of 234/27*r + 7?
9
Let a(x) = -x**3 - 20*x**2 - 5*x + 20. Let j(v) = v**2 - v. Let r(c) = -a(c) + 6*j(c). Let o be r(-26). Suppose w - o*w = -1145. What is the tens digit of w?
2
Suppose 3*r - 50 + 35 = 0. Suppose 5*g + 2*a = 3*a + 901, -3*g = -r*a - 523. Suppose 5*x - 2*t = g, t - 72 = -2*x + 2*t. What is the tens digit of x?
3
Let q be 2 - (-33 + 1 + -1). Suppose -101*z + 230 = -111*z. Let a = z + q. What is the units digit of a?
2
Suppose 6 = 9*j - 3. Let w be ((-26)/13 - (-1 + j)) + 4. Suppose w*b - 123 - 39 = 0. What is the units digit of b?
1
What is the units digit of (((-358)/(-4))/(-1))/((-5019)/(-558) - 9)?
7
Let v(n) = 26 - n**3 + 7*n - 84 - 37*n**2 - 29. What is the thousands digit of v(-38)?
1
What is the hundreds digit of (-12)/8*((-212400)/810)/((-2)/(-33))?
4
Let k(d) be the first derivative of -25*d**4/4 - 2*d**3/3 - d**2/2 + d + 1. Let b be ((-396)/(-108) - 2/3) + -4. What is the tens digit of k(b)?
2
Let y(b) = -2*b**3 + 5*b**2 + 2*b + 6. Let x = 86 - 90. What is the tens digit of y(x)?
0
Suppose 5*q - 3 = 22. Let x(u) be the second derivative of u**5/10 - 3*u**4/4 + 2*u**3/3 - 7*u**2/2 + 1990*u. What is the tens digit of x(q)?
3
Suppose -3*m - 4*h = -126, -3*m - 2*h + 11 = -109. Suppose -5*v + m = -3*g, g - 4 = -0. What is the tens digit of v?
1
Let w(v) = 11*v**2 - 11*v. Let n(s) = s**3 - 5*s**2 - 3*s - 13. Let r be n(6). Let y be w(r). Suppose 11*p = 7*p + y. What is the units digit of p?
5
Suppose 5*i - 2*g - 51 = 0, 0 = 5*i - 0*i + 5*g - 65. Let a = 72 + -74. Let p = i + a. What is the units digit of p?
9
Let q = 311 + -315. What is the tens digit of (q*9/108)/((-1)/2154)?
1
Let d = 28131 - 20255. What is the hundreds digit of d?
8
Suppose o + 3*r = 1512, r = 2*o - o - 1524. Let f = o + -912. What is the hundreds digit of f?
6
Let v = -29 - -123. Let r = v + 15. Let s = r + -41. What is the tens digit of s?
6
Suppose 318*o - 16770 = 313*o. What is the hundreds digit of o?
3
Suppose -2126680 + 3217856 + 3365810 = 69*u. What is the ten thousands digit of u?
6
Suppose 10 + 56 = 22*y. Let s = -115 - -601. Suppose -5*n - 207 = -4*a + 423, 0 = -y*a - 3*n + s. What is the tens digit of a?
6
Suppose l = -z + 7, 4*z - 16 = -20*l + 19*l. Suppose -l*o + 5*o = -5*c + 4509, -2*o - 2 = 0. What is the units digit of c?
2
Let z = -73 + 215. Let k(m) = -100*m + 2743. Let l be k(28). Let b = l + z. What is the tens digit of b?
8
Suppose -23*v = -158 - 49. Let n(d) = 16*d**2 - 5*d - 1. Let z be n(-7). What is the tens digit of z/12 - v/54?
6
Let i be ((-77)/(-2) + -8)*1*2. Suppose -2*l = 3*n + 2*l - i, 3*n - l = 41. What is the tens digit of n?
1
Let o(y) = -y**3 + 126*y**2 + 337*y + 58. What is the units digit of o(128)?
6
Let j be (1 - 2)/((-1)/7). Let k(t) = 4*t**2 + 6*t - 3. What is the hundreds digit of k(j)?
2
What is the hundreds digit of -19*(1 + 26)*(-16)/16?
5
Let g = 230 - 227. Suppose 4*z = r + 592, -4*z + 442 = -g*r - 158. What is the tens digit of z?
4
Suppose -3*h + 124326 - 5199 = -3*v, -v - 198525 = -5*h. What is the units digit of h?
4
Let w(n) = 7933*n**2 + 6*n - 10. What is the tens digit of w(1)?
2
Let n(z) = -1498*z**3 + 7*z**2 + 2*z - 1. What is the ten thousands digit of n(-2)?
1
Suppose 0 = -37*g + 36*g + 11. Let r(k) = 31*k + 268. What is the hundreds digit of r(g)?
6
Let k = 93393 - 44561. What is the tens digit of k?
3
Let i(h) be the first derivative of h**4/4 + 14*h**3/3 - 7*h**2 + 8*h - 98. What is the units digit of i(-12)?
4
Let m = -43 + 47. Suppose -m*c = -84 + 1504. What is the units digit of c/(-3) - (4 + (-33)/9)?
8
Suppose 27562 = 23*z - 16276. What is the thousands digit of z?
1
Let l(y) = -379*y - 15 + 6 + 378*y + 45*y**2 - 5*y**3. What is the tens digit of l(6)?
2
Let s = -6285 - -13995. What is the units digit of s?
0
Suppose 2*j = -4*j - 0*j. Suppose -5*d + k - 67 = -632, k = j. Suppose -d = -2*u + 43. What is the tens digit of u?
7
Let n = -563 + 1832. Suppose 0 = 2*o - n - 1123. What is the units digit of o?
6
Let c(t) = -23*t + 82 + 13*t + 11*t. Let b(n) = -2*n**3 - 18*n**2 + n + 9. Let j be b(-9). What is the units digit of c(j)?
2
Let z(f) = 1. Let b(x) = x - 7. Let q(d) = -b(d) - 2*z(d). Let o be q(5). Let u = 23 - o. What is the tens digit of u?
2
Let z be (5 - -137)/(2 + -3). Let b = 331 + z. Let v = b - 79. What is the tens digit of v?
1
Let g(p) = 3*p + 2 + p**3 - 15*p**2 + 2 + 1 + 18*p**2. Let r be g(-2). Suppose -i + 2 = k - 4, 3*k - r*i = 30. What is the units digit of k?
8
Let w = 890 - 515. Let u be (0 + -2)/(1 - w/385). Let d = 42 - u. What is the units digit of d?
9
Let g(a)